{"id":4200,"date":"2015-07-11T14:25:21","date_gmt":"2015-07-11T17:25:21","guid":{"rendered":"http:\/\/contlima.com.br\/?page_id=4200"},"modified":"2026-03-17T13:31:58","modified_gmt":"2026-03-17T16:31:58","slug":"empresa","status":"publish","type":"page","link":"https:\/\/contlima.com.br\/index.php\/empresa\/","title":{"rendered":"Empresa"},"content":{"rendered":"<!--themify_builder_content-->\n<div id=\"themify_builder_content-4200\" data-postid=\"4200\" class=\"themify_builder_content themify_builder_content-4200 themify_builder tf_clear\">\n                    <div  data-lazy=\"1\" class=\"module_row themify_builder_row tb_38341eb tb_first tf_w wow\" data-tf-animation=\"zoomIn\">\n                        <div class=\"row_inner col_align_top tb_col_count_1 tf_box tf_rel\">\n                        <div  data-lazy=\"1\" class=\"module_column tb-column col-full tb_b7f6f2a first\">\n                    <!-- module text -->\n<div  class=\"module module-text tb_37a00bd   \" data-lazy=\"1\">\n        <div  class=\"tb_text_wrap\">\n        <p>A <strong>CONTLIMA CONTADORES ASSOCIADOS LTDA &#8211; ME<\/strong> est\u00e1 no mercado desde 1991, atuando como assessoria contabil em todas as \u00e1reas do mercado.<\/p><p>Seus diretores s\u00e3o profissionais qualificados e dedicados, ao longo deste per\u00edodo sempre visando o melhor da empresa e crescimento profissional.<\/p><p>Possui uma vasta experi\u00eancia em contabilidade, incluindo o terceiro setor, onde atualmente atende as creches que mant\u00e9m conv\u00eanio com o nosso munic\u00edpio.<\/p><p>Atende empresas de pequeno e grande porte, nas \u00e1reas de constru\u00e7\u00e3o civil, importa\u00e7\u00e3o e exporta\u00e7\u00e3o, com\u00e9rcio, presta\u00e7\u00e3o de servi\u00e7os e cl\u00ednicas m\u00e9dicas.<\/p><p>Recebeu homenagem ao \u201cDIA MUNICIPAL DO EMPRESARIO CONT\u00c1BIL\u201d pela C\u00e2mara Municipal de S\u00e3o Jos\u00e9 do Rio Preto em 22 de janeiro de 2016.<\/p><p><strong>MISS\u00c3O<\/strong><br \/>Atender e superar as expectativas dos nossos clientes e parceiros de forma respons\u00e1vel e com qualidade diferenciada, atrav\u00e9s de tecnologias e elevadas qualifica\u00e7\u00e3o profissional, atuando com responsabilidade social e ambiental.<\/p><p><strong>VIS\u00c3O<\/strong><br \/>Nosso objetivo \u00e9 crescer junto com a tecnologia presente no dia a dia e levar aos nossos clientes e colaboradores o desenvolvimento tecnol\u00f3gico com responsabilidade.<\/p><p><strong>VALORES<\/strong><br \/>Priorizamos a \u00e9tica profissional, organiza\u00e7\u00e3o, valores morais, responsabilidade ambiental e respeito ao pr\u00f3ximo.<\/p>    <\/div>\n<\/div>\n<!-- \/module text -->        <\/div>\n                        <\/div>\n        <\/div>\n        <\/div>\n<!--\/themify_builder_content-->","protected":false},"excerpt":{"rendered":"<p>A CONTLIMA CONTADORES ASSOCIADOS LTDA &#8211; ME est\u00e1 no mercado desde 1991, atuando como assessoria contabil em todas as \u00e1reas do mercado.Seus diretores s\u00e3o profissionais qualificados e dedicados, ao longo deste per\u00edodo sempre visando o melhor da empresa e crescimento profissional.Possui uma vasta experi\u00eancia em contabilidade, incluindo o terceiro setor, onde atualmente atende as creches [&hellip;]<\/p>\n","protected":false},"author":2,"featured_media":0,"parent":0,"menu_order":0,"comment_status":"open","ping_status":"open","template":"","meta":{"_joinchat":[],"footnotes":""},"class_list":["post-4200","page","type-page","status-publish","hentry","has-post-title","has-post-date","has-post-category","has-post-tag","has-post-comment","has-post-author",""],"builder_content":"<p>A <strong>CONTLIMA CONTADORES ASSOCIADOS LTDA - ME<\/strong> est\u00e1 no mercado desde 1991, atuando como assessoria contabil em todas as \u00e1reas do mercado.<\/p><p>Seus diretores s\u00e3o profissionais qualificados e dedicados, ao longo deste per\u00edodo sempre visando o melhor da empresa e crescimento profissional.<\/p><p>Possui uma vasta experi\u00eancia em contabilidade, incluindo o terceiro setor, onde atualmente atende as creches que mant\u00e9m conv\u00eanio com o nosso munic\u00edpio.<\/p><p>Atende empresas de pequeno e grande porte, nas \u00e1reas de constru\u00e7\u00e3o civil, importa\u00e7\u00e3o e exporta\u00e7\u00e3o, com\u00e9rcio, presta\u00e7\u00e3o de servi\u00e7os e cl\u00ednicas m\u00e9dicas.<\/p><p>Recebeu homenagem ao \u201cDIA MUNICIPAL DO EMPRESARIO CONT\u00c1BIL\u201d pela C\u00e2mara Municipal de S\u00e3o Jos\u00e9 do Rio Preto em 22 de janeiro de 2016.<\/p><p><strong>MISS\u00c3O<\/strong><br \/>Atender e superar as expectativas dos nossos clientes e parceiros de forma respons\u00e1vel e com qualidade diferenciada, atrav\u00e9s de tecnologias e elevadas qualifica\u00e7\u00e3o profissional, atuando com responsabilidade social e ambiental.<\/p><p><strong>VIS\u00c3O<\/strong><br \/>Nosso objetivo \u00e9 crescer junto com a tecnologia presente no dia a dia e levar aos nossos clientes e colaboradores o desenvolvimento tecnol\u00f3gico com responsabilidade.<\/p><p><strong>VALORES<\/strong><br \/>Priorizamos a \u00e9tica profissional, organiza\u00e7\u00e3o, valores morais, responsabilidade ambiental e respeito ao pr\u00f3ximo.<\/p>","_links":{"self":[{"href":"https:\/\/contlima.com.br\/index.php\/wp-json\/wp\/v2\/pages\/4200","targetHints":{"allow":["GET"]}}],"collection":[{"href":"https:\/\/contlima.com.br\/index.php\/wp-json\/wp\/v2\/pages"}],"about":[{"href":"https:\/\/contlima.com.br\/index.php\/wp-json\/wp\/v2\/types\/page"}],"author":[{"embeddable":true,"href":"https:\/\/contlima.com.br\/index.php\/wp-json\/wp\/v2\/users\/2"}],"replies":[{"embeddable":true,"href":"https:\/\/contlima.com.br\/index.php\/wp-json\/wp\/v2\/comments?post=4200"}],"version-history":[{"count":23,"href":"https:\/\/contlima.com.br\/index.php\/wp-json\/wp\/v2\/pages\/4200\/revisions"}],"predecessor-version":[{"id":5134,"href":"https:\/\/contlima.com.br\/index.php\/wp-json\/wp\/v2\/pages\/4200\/revisions\/5134"}],"wp:attachment":[{"href":"https:\/\/contlima.com.br\/index.php\/wp-json\/wp\/v2\/media?parent=4200"}],"curies":[{"name":"wp","href":"https:\/\/api.w.org\/{rel}","templated":true}]}}

<!--themify_builder_content-->
<div id="themify_builder_content-4200" data-postid="4200" class="themify_builder_content themify_builder_content-4200 themify_builder tf_clear">
                    <div  data-lazy="1" class="module_row themify_builder_row tb_38341eb tb_first tf_w wow" data-tf-animation="zoomIn">
                        <div class="row_inner col_align_top tb_col_count_1 tf_box tf_rel">
                        <div  data-lazy="1" class="module_column tb-column col-full tb_b7f6f2a first">
                    <!-- module text -->
<div  class="module module-text tb_37a00bd   " data-lazy="1">
        <div  class="tb_text_wrap">
        <p>A <strong>CONTLIMA CONTADORES ASSOCIADOS LTDA &#8211; ME</strong> está no mercado desde 1991, atuando como assessoria contabil em todas as áreas do mercado.</p><p>Seus diretores são profissionais qualificados e dedicados, ao longo deste período sempre visando o melhor da empresa e crescimento profissional.</p><p>Possui uma vasta experiência em contabilidade, incluindo o terceiro setor, onde atualmente atende as creches que mantém convênio com o nosso município.</p><p>Atende empresas de pequeno e grande porte, nas áreas de construção civil, importação e exportação, comércio, prestação de serviços e clínicas médicas.</p><p>Recebeu homenagem ao “DIA MUNICIPAL DO EMPRESARIO CONTÁBIL” pela Câmara Municipal de São José do Rio Preto em 22 de janeiro de 2016.</p><p><strong>MISSÃO</strong><br />Atender e superar as expectativas dos nossos clientes e parceiros de forma responsável e com qualidade diferenciada, através de tecnologias e elevadas qualificação profissional, atuando com responsabilidade social e ambiental.</p><p><strong>VISÃO</strong><br />Nosso objetivo é crescer junto com a tecnologia presente no dia a dia e levar aos nossos clientes e colaboradores o desenvolvimento tecnológico com responsabilidade.</p><p><strong>VALORES</strong><br />Priorizamos a ética profissional, organização, valores morais, responsabilidade ambiental e respeito ao próximo.</p>    </div>
</div>
<!-- /module text -->        </div>
                        </div>
        </div>
        </div>
<!--/themify_builder_content-->

<p>A CONTLIMA CONTADORES ASSOCIADOS LTDA &#8211; ME está no mercado desde 1991, atuando como assessoria contabil em todas as áreas do mercado.Seus diretores são profissionais qualificados e dedicados, ao longo deste período sempre visando o melhor da empresa e crescimento profissional.Possui uma vasta experiência em contabilidade, incluindo o terceiro setor, onde atualmente atende as creches [&hellip;]</p>

<p>A <strong>CONTLIMA CONTADORES ASSOCIADOS LTDA - ME</strong> está no mercado desde 1991, atuando como assessoria contabil em todas as áreas do mercado.</p><p>Seus diretores são profissionais qualificados e dedicados, ao longo deste período sempre visando o melhor da empresa e crescimento profissional.</p><p>Possui uma vasta experiência em contabilidade, incluindo o terceiro setor, onde atualmente atende as creches que mantém convênio com o nosso município.</p><p>Atende empresas de pequeno e grande porte, nas áreas de construção civil, importação e exportação, comércio, prestação de serviços e clínicas médicas.</p><p>Recebeu homenagem ao “DIA MUNICIPAL DO EMPRESARIO CONTÁBIL” pela Câmara Municipal de São José do Rio Preto em 22 de janeiro de 2016.</p><p><strong>MISSÃO</strong><br />Atender e superar as expectativas dos nossos clientes e parceiros de forma responsável e com qualidade diferenciada, através de tecnologias e elevadas qualificação profissional, atuando com responsabilidade social e ambiental.</p><p><strong>VISÃO</strong><br />Nosso objetivo é crescer junto com a tecnologia presente no dia a dia e levar aos nossos clientes e colaboradores o desenvolvimento tecnológico com responsabilidade.</p><p><strong>VALORES</strong><br />Priorizamos a ética profissional, organização, valores morais, responsabilidade ambiental e respeito ao próximo.</p>
